{"id":2473,"date":"2023-10-02T18:09:25","date_gmt":"2023-10-02T16:09:25","guid":{"rendered":"https:\/\/jambo1.it\/new\/?page_id=2473"},"modified":"2023-12-05T16:47:01","modified_gmt":"2023-12-05T14:47:01","slug":"bandi-fornitori","status":"publish","type":"page","link":"https:\/\/jambo1.it\/w\/bandi-fornitori\/","title":{"rendered":"Bandi fornitori"},"content":{"rendered":"\n<div class=\"wp-block-group alignwide is-layout-constrained wp-container-core-group-is-layout-704e782a wp-block-group-is-layout-constrained\"><div class=\"yoast-breadcrumbs\"><span><span><a href=\"https:\/\/jambo1.it\/w\/\">Home<\/a><\/span> \u00bb <span class=\"breadcrumb_last\" aria-current=\"page\">Bandi fornitori<\/span><\/span><\/div><\/div>\n\n\n\n<div class=\"wp-block-columns alignwide is-layout-flex wp-container-core-columns-is-layout-28f84493 wp-block-columns-is-layout-flex\">\n<div class=\"wp-block-column is-layout-flow wp-block-column-is-layout-flow\">\n<div class=\"wp-block-group alignwide is-layout-constrained wp-container-core-group-is-layout-704e782a wp-block-group-is-layout-constrained\">\n<h3 class=\"wp-block-heading\">Avviso esplorativo di manifestazione di interesse non vincolante &#8211; 05\/12\/2023<\/h3>\n<\/div>\n\n\n\n<p>Con il presente Avviso la CIS Meridionale S.r.l., proprietaria del Centro Commerciale Jambo1, vuole svolgere un&#8217;indagine conoscitiva finalizzata ad individuare gli operatori economici da consultare al fine di affidare, il servizio di comunicazione istituzionale integrata e rapporti con i media per l\u2019anno 2024.<br>La presente indagine:<\/p>\n\n\n\n<ul class=\"wp-block-list\">\n<li>ha la finalit\u00e0 di favorire l\u2019accesso al mercato degli operatori economici nel rispetto dei principi di concorrenza, di imparzialit\u00e0, di non discriminazione, di pubblicit\u00e0 e trasparenza, di proporzionalit\u00e0;<\/li>\n\n\n\n<li>persegue il principio del risultato inteso come miglior rapporto possibile tra qualit\u00e0\u0300 e prezzo, ottenuto rispettando i principi di legalit\u00e0, trasparenza e concorrenza funzionale a conseguire il miglior risultato possibile nell\u2019affidare ed eseguire i contratti.<\/li>\n<\/ul>\n\n\n\n<p>Questa fase pre-selettiva non comporta alcuna procedura di gara n\u00e9 diritti di prelazione, preferenze, impegni o vincoli di qualsiasi natura sia per gli operatori interessati sia per la CIS Meridionale S.r.l. Non sono previste graduatorie, attribuzione di punteggi o altre classificazioni di merito. La scelta sar\u00e0 operata discrezionalmente dalla CIS MERIDIONALE, nel rispetto dei criteri qualitativi e quantitativi.<\/p>\n\n\n\n<p>Si riserva, inoltre, la facolt\u00e0 di sospendere, modificare, annullare o revocare la procedura relativa al presente Avviso per esigenze sopravvenute, senza che ci\u00f2 comporti alcuna pretesa degli operatori economici che hanno manifestato interesse ad essere consultati.<\/p>\n\n\n\n<p>Il presente Avviso, in particolare, \u00e8 finalizzato a ricevere da parte di operatori economici, senza che le stesse vincolino in alcun modo la CIS Meridionale S.r.l., manifestazioni d\u2019interesse ad essere invitati a presentare un\u2019offerta, comprensiva del prezzo e della proposta operativa. <\/p>\n\n\n\n<p><strong>Per la partecipazione \u00e8 necessario compilare il presente format entro e non oltre il 20\/12\/2023 allegando una breve presentazione dell\u2019azienda<\/strong><\/p>\n<\/div>\n\n\n\n<div class=\"wp-block-column is-layout-flow wp-block-column-is-layout-flow\">\n<div class=\"wp-block-columns alignwide is-layout-flex wp-container-core-columns-is-layout-d2da2050 wp-block-columns-is-layout-flex\" style=\"margin-bottom:0\">\n<div class=\"wp-block-column has-text-color has-background has-link-color wp-elements-8dffce2641dd51da306106998a5a2077 is-layout-flow wp-block-column-is-layout-flow\" style=\"color:#000000;background-color:#d3cbbe;padding-top:2em;padding-right:2em;padding-bottom:2em;padding-left:2em\">\n<h2 class=\"wp-block-heading\" id=\"patron\" style=\"font-size:40px\">Compila il form<\/h2>\n\n\n\n<div class=\"wp-block-contact-form-7-contact-form-selector\">\n<div class=\"wpcf7 no-js\" id=\"wpcf7-f2475-o1\" lang=\"it-IT\" dir=\"ltr\">\n<div class=\"screen-reader-response\"><p role=\"status\" aria-live=\"polite\" aria-atomic=\"true\"><\/p> <ul><\/ul><\/div>\n<form action=\"\/w\/wp-json\/wp\/v2\/pages\/2473#wpcf7-f2475-o1\" method=\"post\" class=\"wpcf7-form init\" aria-label=\"Modulo di contatto\" enctype=\"multipart\/form-data\" novalidate=\"novalidate\" data-status=\"init\">\n<div style=\"display: none;\">\n<input type=\"hidden\" name=\"_wpcf7\" value=\"2475\" \/>\n<input type=\"hidden\" name=\"_wpcf7_version\" value=\"5.8.4\" \/>\n<input type=\"hidden\" name=\"_wpcf7_locale\" value=\"it_IT\" \/>\n<input type=\"hidden\" name=\"_wpcf7_unit_tag\" value=\"wpcf7-f2475-o1\" \/>\n<input type=\"hidden\" name=\"_wpcf7_container_post\" value=\"0\" \/>\n<input type=\"hidden\" name=\"_wpcf7_posted_data_hash\" value=\"\" \/>\n<\/div>\n<p><label> La tua denominazione (obbligatorio)<br \/>\n<span class=\"wpcf7-form-control-wrap\" data-name=\"your-name\"><input size=\"40\" class=\"wpcf7-form-control wpcf7-text wpcf7-validates-as-required\" autocomplete=\"name\" aria-required=\"true\" aria-invalid=\"false\" value=\"\" type=\"text\" name=\"your-name\" \/><\/span> <\/label>\n<\/p>\n<p><label> Telefono (obbligatorio)<br \/>\n<span class=\"wpcf7-form-control-wrap\" data-name=\"tel-701\"><input size=\"40\" class=\"wpcf7-form-control wpcf7-tel wpcf7-text wpcf7-validates-as-tel\" aria-invalid=\"false\" value=\"\" type=\"tel\" name=\"tel-701\" \/><\/span> <\/label>\n<\/p>\n<p><label> La tua email (obbligatorio)<br \/>\n<span class=\"wpcf7-form-control-wrap\" data-name=\"your-email\"><input size=\"40\" class=\"wpcf7-form-control wpcf7-email wpcf7-validates-as-required wpcf7-text wpcf7-validates-as-email\" autocomplete=\"email\" aria-required=\"true\" aria-invalid=\"false\" value=\"\" type=\"email\" name=\"your-email\" \/><\/span> <\/label>\n<\/p>\n<p><label> Note (facoltativo)<br \/>\n<span class=\"wpcf7-form-control-wrap\" data-name=\"your-message\"><textarea cols=\"40\" rows=\"10\" class=\"wpcf7-form-control wpcf7-textarea\" aria-invalid=\"false\" name=\"your-message\"><\/textarea><\/span> <\/label><br \/>\n<small>File max 40MB .doc o .pdf<\/small><br \/>\n<span class=\"wpcf7-form-control-wrap\" data-name=\"file-58\"><input size=\"40\" class=\"wpcf7-form-control wpcf7-file\" accept=\".doc,.pdf\" aria-invalid=\"false\" type=\"file\" name=\"file-58\" \/><\/span><br \/>\n<span class=\"wpcf7-form-control-wrap\" data-name=\"acceptance-673\"><span class=\"wpcf7-form-control wpcf7-acceptance optional\"><span class=\"wpcf7-list-item\"><label><input type=\"checkbox\" name=\"acceptance-673\" value=\"1\" aria-invalid=\"false\" \/><span class=\"wpcf7-list-item-label\">Autorizzo il trattamento dei dati personali secondo la <a href=\"\/privacy-policy-2\/\">Privacy Policy.<\/a><\/span><\/label><\/span><\/span><\/span><br \/>\n<input class=\"wpcf7-form-control wpcf7-submit has-spinner\" type=\"submit\" value=\"Invia il modulo\" \/>\n<\/p><div class=\"wpcf7-response-output\" aria-hidden=\"true\"><\/div>\n<\/form>\n<\/div>\n<\/div>\n<\/div>\n<\/div>\n<\/div>\n<\/div>\n\n\n\n<div style=\"height:100px\" aria-hidden=\"true\" class=\"wp-block-spacer\"><\/div>\n","protected":false},"excerpt":{"rendered":"<p>Avviso esplorativo di manifestazione di interesse non vincolante &#8211; 05\/12\/2023 Con il presente Avviso la CIS Meridionale S.r.l., proprietaria del Centro Commerciale Jambo1, vuole svolgere un&#8217;indagine conoscitiva finalizzata ad individuare gli operatori economici da consultare al fine di affidare, il servizio di comunicazione istituzionale integrata e rapporti con i media per l\u2019anno 2024.La presente indagine: [&hellip;]<\/p>\n","protected":false},"author":1,"featured_media":0,"parent":0,"menu_order":0,"comment_status":"closed","ping_status":"closed","template":"page-no-separators","meta":{"inline_featured_image":false,"footnotes":""},"class_list":["post-2473","page","type-page","status-publish","hentry"],"yoast_head":"<!-- This site is optimized with the Yoast SEO plugin v21.4 - https:\/\/yoast.com\/wordpress\/plugins\/seo\/ -->\n<title>Bandi fornitori - JAMBO<\/title>\n<meta name=\"robots\" content=\"index, follow, max-snippet:-1, max-image-preview:large, max-video-preview:-1\" \/>\n<link rel=\"canonical\" href=\"https:\/\/jambo1.it\/w\/bandi-fornitori\/\" \/>\n<meta property=\"og:locale\" content=\"it_IT\" \/>\n<meta property=\"og:type\" content=\"article\" \/>\n<meta property=\"og:title\" content=\"Bandi fornitori - JAMBO\" \/>\n<meta property=\"og:description\" content=\"Avviso esplorativo di manifestazione di interesse non vincolante &#8211; 05\/12\/2023 Con il presente Avviso la CIS Meridionale S.r.l., proprietaria del Centro Commerciale Jambo1, vuole svolgere un&#8217;indagine conoscitiva finalizzata ad individuare gli operatori economici da consultare al fine di affidare, il servizio di comunicazione istituzionale integrata e rapporti con i media per l\u2019anno 2024.La presente indagine: [&hellip;]\" \/>\n<meta property=\"og:url\" content=\"https:\/\/jambo1.it\/w\/bandi-fornitori\/\" \/>\n<meta property=\"og:site_name\" content=\"JAMBO\" \/>\n<meta property=\"article:modified_time\" content=\"2023-12-05T14:47:01+00:00\" \/>\n<meta name=\"twitter:card\" content=\"summary_large_image\" \/>\n<meta name=\"twitter:label1\" content=\"Tempo di lettura stimato\" \/>\n\t<meta name=\"twitter:data1\" content=\"2 minuti\" \/>\n<script type=\"application\/ld+json\" class=\"yoast-schema-graph\">{\"@context\":\"https:\/\/schema.org\",\"@graph\":[{\"@type\":\"WebPage\",\"@id\":\"https:\/\/jambo1.it\/w\/bandi-fornitori\/\",\"url\":\"https:\/\/jambo1.it\/w\/bandi-fornitori\/\",\"name\":\"Bandi fornitori - JAMBO\",\"isPartOf\":{\"@id\":\"https:\/\/jambo1.it\/w\/#website\"},\"datePublished\":\"2023-10-02T16:09:25+00:00\",\"dateModified\":\"2023-12-05T14:47:01+00:00\",\"breadcrumb\":{\"@id\":\"https:\/\/jambo1.it\/w\/bandi-fornitori\/#breadcrumb\"},\"inLanguage\":\"it-IT\",\"potentialAction\":[{\"@type\":\"ReadAction\",\"target\":[\"https:\/\/jambo1.it\/w\/bandi-fornitori\/\"]}]},{\"@type\":\"BreadcrumbList\",\"@id\":\"https:\/\/jambo1.it\/w\/bandi-fornitori\/#breadcrumb\",\"itemListElement\":[{\"@type\":\"ListItem\",\"position\":1,\"name\":\"Home\",\"item\":\"https:\/\/jambo1.it\/w\/\"},{\"@type\":\"ListItem\",\"position\":2,\"name\":\"Bandi fornitori\"}]},{\"@type\":\"WebSite\",\"@id\":\"https:\/\/jambo1.it\/w\/#website\",\"url\":\"https:\/\/jambo1.it\/w\/\",\"name\":\"JAMBO\",\"description\":\"\",\"publisher\":{\"@id\":\"https:\/\/jambo1.it\/w\/#organization\"},\"potentialAction\":[{\"@type\":\"SearchAction\",\"target\":{\"@type\":\"EntryPoint\",\"urlTemplate\":\"https:\/\/jambo1.it\/w\/?s={search_term_string}\"},\"query-input\":\"required name=search_term_string\"}],\"inLanguage\":\"it-IT\"},{\"@type\":\"Organization\",\"@id\":\"https:\/\/jambo1.it\/w\/#organization\",\"name\":\"JAMBO\",\"url\":\"https:\/\/jambo1.it\/w\/\",\"logo\":{\"@type\":\"ImageObject\",\"inLanguage\":\"it-IT\",\"@id\":\"https:\/\/jambo1.it\/w\/#\/schema\/logo\/image\/\",\"url\":\"https:\/\/jambo1.it\/w\/wp-content\/uploads\/2023\/06\/Logo_JAMBO1_Rosso.svg\",\"contentUrl\":\"https:\/\/jambo1.it\/w\/wp-content\/uploads\/2023\/06\/Logo_JAMBO1_Rosso.svg\",\"width\":642,\"height\":125,\"caption\":\"JAMBO\"},\"image\":{\"@id\":\"https:\/\/jambo1.it\/w\/#\/schema\/logo\/image\/\"}}]}<\/script>\n<!-- \/ Yoast SEO plugin. -->","yoast_head_json":{"title":"Bandi fornitori - JAMBO","robots":{"index":"index","follow":"follow","max-snippet":"max-snippet:-1","max-image-preview":"max-image-preview:large","max-video-preview":"max-video-preview:-1"},"canonical":"https:\/\/jambo1.it\/w\/bandi-fornitori\/","og_locale":"it_IT","og_type":"article","og_title":"Bandi fornitori - JAMBO","og_description":"Avviso esplorativo di manifestazione di interesse non vincolante &#8211; 05\/12\/2023 Con il presente Avviso la CIS Meridionale S.r.l., proprietaria del Centro Commerciale Jambo1, vuole svolgere un&#8217;indagine conoscitiva finalizzata ad individuare gli operatori economici da consultare al fine di affidare, il servizio di comunicazione istituzionale integrata e rapporti con i media per l\u2019anno 2024.La presente indagine: [&hellip;]","og_url":"https:\/\/jambo1.it\/w\/bandi-fornitori\/","og_site_name":"JAMBO","article_modified_time":"2023-12-05T14:47:01+00:00","twitter_card":"summary_large_image","twitter_misc":{"Tempo di lettura stimato":"2 minuti"},"schema":{"@context":"https:\/\/schema.org","@graph":[{"@type":"WebPage","@id":"https:\/\/jambo1.it\/w\/bandi-fornitori\/","url":"https:\/\/jambo1.it\/w\/bandi-fornitori\/","name":"Bandi fornitori - JAMBO","isPartOf":{"@id":"https:\/\/jambo1.it\/w\/#website"},"datePublished":"2023-10-02T16:09:25+00:00","dateModified":"2023-12-05T14:47:01+00:00","breadcrumb":{"@id":"https:\/\/jambo1.it\/w\/bandi-fornitori\/#breadcrumb"},"inLanguage":"it-IT","potentialAction":[{"@type":"ReadAction","target":["https:\/\/jambo1.it\/w\/bandi-fornitori\/"]}]},{"@type":"BreadcrumbList","@id":"https:\/\/jambo1.it\/w\/bandi-fornitori\/#breadcrumb","itemListElement":[{"@type":"ListItem","position":1,"name":"Home","item":"https:\/\/jambo1.it\/w\/"},{"@type":"ListItem","position":2,"name":"Bandi fornitori"}]},{"@type":"WebSite","@id":"https:\/\/jambo1.it\/w\/#website","url":"https:\/\/jambo1.it\/w\/","name":"JAMBO","description":"","publisher":{"@id":"https:\/\/jambo1.it\/w\/#organization"},"potentialAction":[{"@type":"SearchAction","target":{"@type":"EntryPoint","urlTemplate":"https:\/\/jambo1.it\/w\/?s={search_term_string}"},"query-input":"required name=search_term_string"}],"inLanguage":"it-IT"},{"@type":"Organization","@id":"https:\/\/jambo1.it\/w\/#organization","name":"JAMBO","url":"https:\/\/jambo1.it\/w\/","logo":{"@type":"ImageObject","inLanguage":"it-IT","@id":"https:\/\/jambo1.it\/w\/#\/schema\/logo\/image\/","url":"https:\/\/jambo1.it\/w\/wp-content\/uploads\/2023\/06\/Logo_JAMBO1_Rosso.svg","contentUrl":"https:\/\/jambo1.it\/w\/wp-content\/uploads\/2023\/06\/Logo_JAMBO1_Rosso.svg","width":642,"height":125,"caption":"JAMBO"},"image":{"@id":"https:\/\/jambo1.it\/w\/#\/schema\/logo\/image\/"}}]}},"_links":{"self":[{"href":"https:\/\/jambo1.it\/w\/wp-json\/wp\/v2\/pages\/2473","targetHints":{"allow":["GET"]}}],"collection":[{"href":"https:\/\/jambo1.it\/w\/wp-json\/wp\/v2\/pages"}],"about":[{"href":"https:\/\/jambo1.it\/w\/wp-json\/wp\/v2\/types\/page"}],"author":[{"embeddable":true,"href":"https:\/\/jambo1.it\/w\/wp-json\/wp\/v2\/users\/1"}],"replies":[{"embeddable":true,"href":"https:\/\/jambo1.it\/w\/wp-json\/wp\/v2\/comments?post=2473"}],"version-history":[{"count":5,"href":"https:\/\/jambo1.it\/w\/wp-json\/wp\/v2\/pages\/2473\/revisions"}],"predecessor-version":[{"id":2736,"href":"https:\/\/jambo1.it\/w\/wp-json\/wp\/v2\/pages\/2473\/revisions\/2736"}],"wp:attachment":[{"href":"https:\/\/jambo1.it\/w\/wp-json\/wp\/v2\/media?parent=2473"}],"curies":[{"name":"wp","href":"https:\/\/api.w.org\/{rel}","templated":true}]}}